- 6*o + o**2 + o. Give r(x).
0
Let q = 2 - 4. Let u = q + 5. Suppose -u*f + 15 = 2*f. Let w(r) = r**3 - 2*r**2 - r - 1. What is w(f)?
5
Let m be (-4)/(-2) + -2 + 0. Let d(f) be the first derivative of 1/3*f**3 + 7/4*f**4 + 1 + m*f**2 - f. Give d(-1).
-7
Let y(k) = k**2 - 5*k - 2. Let i(g) = 2 + 7*g + 2 - g**2 - 1. Let j be i(4). Suppose j = 4*p - 5. Determine y(p).
-2
Let v(d) = -3*d**2 + 11*d**3 - 1 + 4 - 6 - 3*d - 12*d**3. Calculate v(-2).
-1
Suppose -40 = -5*h + h. Suppose -5*i - 15 = -h*i. Suppose i*p + 9 = -0*p. Let l(t) = -3*t - 4. Determine l(p).
5
Let c(b) = b - 3 + 4*b + 4*b**2 + 0*b - 5*b**2. Determine c(4).
1
Let b(s) = -6*s - s**3 - 18 + 11 + 11 - 8*s**2. Calculate b(-7).
-3
Let a(u) be the third derivative of -u**4/24 + u**3/6 - u**2. Let j(t) = -t + 2. Let g(c) = 3*a(c) - j(c). Let r = 2 + -1. Calculate g(r).
-1
Let t(z) be the second derivative of -z**5/20 - z**4/3 + 2*z**3/3 + z**2 - 26*z. Give t(-5).
7
Let b(r) = -r**3 + 7*r**2 - 6*r - 4. Let u be b(6). Let p(f) = f**2 + 2*f + 4. Let w(i) = -i**2 - i - 5. Let c(z) = u*w(z) - 5*p(z). What is c(-6)?
0
Let j(r) = 19*r**3 - r**2 + 1. Let z be -5*(-5 + 120/25). Determine j(z).
19
Let n be (-23 + 9)/(-2 - 0). Let w = n + -5. Let q(c) be the third derivative of c**4/4 - c**3/2 - c**2. Calculate q(w).
9
Let w(p) = -p - 5. Let n be w(-4). Let h be (n + 2)/(2/6). Let o(r) = -4 - h + 0 - r + 6. What is o(-3)?
2
Let n(f) = -f. Let d = 3 + -1. Let v be 2/4 - (-1)/d. Let l = -1 - v. What is n(l)?
2
Let l = -5 + 3. Let j be l/4*-14 - 2. Let b(m) = 6*m**3 - 2*m**2 - 3*m - 4. Let q(v) = 11*v**3 - 3*v**2 - 5*v - 7. Let s(g) = j*b(g) - 3*q(g). Give s(1).
-3
Suppose a = -x + 4*x - 8, 0 = -2*x + 3*a + 10. Let h(g) = -6 - g**x - 2*g + 2 + 2*g - 6*g. Calculate h(-6).
-4
Let u = 2 + 0. Let k(n) = -u*n - 5*n + 3*n + 3*n. Give k(-1).
1
Suppose u = 5*k - 18, -3*k + 2 = u - 4. Let i(x) = -3*x**2 - 2 + 2*x**k - 2*x**3 - 4*x - 3*x**2 - x**3. Give i(-5).
-7
Let t(d) = -4*d - 1. Let p(f) = 3*f. Let q(h) = -5*p(h) - 4*t(h). Let s be 3/(0 + 9/(-12)). Determine q(s).
0
Let s(x) = -x**2 + 28*x - 39*x + 19*x + 1. Calculate s(6).
13
Let u(m) = -m**3 - 6*m**2. Suppose 0 = 5*s - 1 - 29. Let y be (s/5)/(2/(-10)). Give u(y).
0
Suppose 3*r = 5*q - 4, q = -r + 2*r. Suppose -r*n + 0*y - y + 11 = 0, -2*y - 10 = 0. Let a = 7 - n. Let t(s) = -4*s**3 + 2*s**2 + 2*s + 1. Determine t(a).
5
Let z(y) = -y**3 + y**2 - y + 1. Let r(u) = 1 - 3 - 3*u**3 + 1 - 7*u. Let h(w) = r(w) - 4*z(w). What is h(5)?
5
Let u(m) = -4*m**2 + 3*m - 2. Let h(v) = -v**2. Let s(o) = 2*h(o) - u(o). Determine s(2).
4
Let x(h) = -h**3 + 18*h**2 - 31*h - 11. Let d be x(16). Let c(z) = -z**2 + 6*z - 2. Let q(t) = 4*t**2 - 25*t + 9. Let o(i) = 9*c(i) + 2*q(i). Give o(d).
-5
Let q(h) = 3*h + 5. Let g = 6 - 4. Suppose 2*n + b = -4, -g*b = 4*n - b + 12. Give q(n).
-7
Let n(o) = o**3 + 5*o**2 - 6*o - 4. Let g = -4 + 5. Suppose -3*r - g - 17 = 0. Calculate n(r).
-4
Let t = 31 + -25. Let g(z) = 47 - 55 - z + 2*z. Give g(t).
-2
Let w(p) = -p**2 + 1. Let z(b) = 2*b**2 - 2. Let o(k) = 3*w(k) + 2*z(k). Let s(x) = -x**2 - 5*x + 1. Let j(l) = -2*o(l) - s(l). Let t = 1 - -2. Give j(t).
7
Let g(q) be the first derivative of -q**4/4 - q**3/3 - q**2/2 - 3*q + 1. Let a = -4 - -4. Give g(a).
-3
Suppose 9*x - 65 = 4*x. Let n(z) = -15*z**2 + 6*z - 19. Suppose 0 = 6*j + 45 - 9. Let r(a) = -7*a**2 + 3*a - 9. Let u(g) = j*n(g) + x*r(g). Determine u(4).
-7
Let g(h) = 15 + 7 - 3*h - 23. Let l = 1 - 4. Give g(l).
8
Suppose -3*w + 23 = 5. Let d be -3*(20/w)/(-5). Let v(j) = -4*j - 2. Calculate v(d).
-10
Let f(c) be the second derivative of c**4/6 - c**3/2 - c**2/2 + 7*c. Let w be 1/2 + (-15)/(-6). What is f(w)?
8
Suppose -51 = 5*y + 54. Let m = y - -25. Let g(t) = -2*t + 5. Give g(m).
-3
Let g(l) = -7*l**3 + l**2 - 3*l + 6. Let v(o) = -3*o**3 + o**2 - 2*o + 3. Let s = -13 + 9. Let i(c) = s*g(c) + 9*v(c). Determine i(-6).
3
Let c(t) = t**3 + 4*t**2. Let z(m) = m**2 + 5*m - 1. Let r be 5*-2*1/2. Let i be z(r). Let o be i*(-1 + 3/1). Determine c(o).
8
Let s(a) = 9*a**2 + 9 - 7*a - a + 0*a - a**3. Let g(r) = -r**2 + r - 1. Let y(k) = -6*g(k) - s(k). Determine y(2).
-3
Let h be 8/(-12)*6 + 2. Let a(t) = t**3 + 3*t - 2 - 7*t + 2*t**2 + 2*t. Let l be a(h). Let s(c) = 2*c**3 - c**2 - 3*c + 1. What is s(l)?
7
Let m(z) be the first derivative of 5*z**2 - 8. What is m(-1)?
-10
Let m(d) = -9*d + 6*d + 0 - 8. Give m(6).
-26
Let c(j) be the first derivative of -j**4/4 + 2*j**3/3 + 4*j - 1. Let h(p) = p**2 - p - 3. Let y be h(3). What is c(y)?
-5
Let h(i) = 1 + i + i - 4*i**2 + 2*i**2 + 2. Suppose -3*g + 12 - 3 = 0. Determine h(g).
-9
Let l(n) = -n**3 + 4*n**2 + 6*n + 2. Let i be 636/(-28) - (-4)/(-14). Let b = 12 - i. Let c be b/28*1*4. What is l(c)?
7
Let d(y) = y**3 - 2*y**2 + 10*y + 2. Let j(r) be the first derivative of r**4/2 - 5*r**3/3 + 19*r**2/2 + 5*r - 3. Let a(l) = 7*d(l) - 4*j(l). What is a(5)?
-11
Let r be -5*(6/5 - 2). Let l(m) = -4 - m - r*m + 0. Suppose 2*a = 8, -6 = -0*p - 2*p - 3*a. Determine l(p).
11
Let l(k) be the second derivative of k**3/6 + k**2/2 + 11*k. Give l(-3).
-2
Let r(v) = v + 4. Let x = -7 - -9. Suppose 4*m = 4*j + 9 - 37, -17 = x*m - 3*j. Give r(m).
0
Let m(v) = -v**3 + 3*v**2 + 4*v - 1. Let y be m(4). Let j(z) be the second derivative of -z**5/5 + z**4/12 - z**2/2 + 10*z. Give j(y).
4
Let a(h) be the second derivative of -h**6/360 - h**5/60 - h**4/24 - h**3/3 + 2*h. Let d(o) be the second derivative of a(o). Give d(-1).
0
Let v(t) = -28*t**2 - 8*t + 1. Let w(g) = 7*g**2 + 2*g. Let b(l) = 2*v(l) + 9*w(l). Determine b(-2).
26
Let x(y) = 2 + y**3 + 2*y**2 + 4 - 2. Let l be (3/2)/((-24)/(-16)). Suppose -k - 4 = -l. Determine x(k).
-5
Let g(f) = f**2 - 2*f - 7. Suppose x + 5 = 2*c, 4*x - 2*c = 2*c. Calculate g(x).
8
Let c(x) = -5*x + 12. Let h(j) = 20 - 8 - j - 13 + 2*j. Let w(a) = c(a) + 6*h(a). Determine w(-6).
0
Let b = -3 + 6. Let l(a) = -5*a**2 + a**b + 2*a**2 + a - a**2. Calculate l(2).
-6
Let p(a) = a**2 - 6*a + 2. Let j be p(3). Let g be (j - -3) + 3 + -2. Let y be ((-2)/(-3))/(g/18). Let w(d) = d**3 + 4*d**2 + d + 4. What is w(y)?
0
Suppose 5*a = -14 - 61. Let n be a*1/6*-2. Let v(i) = -i**2 + 7*i - 5. Let d(q) = -q**2 + 7*q - 5. Let b(y) = 5*d(y) - 6*v(y). What is b(n)?
-5
Suppose 4*m - 16 = -4*v, -3*m + 4*v = -2*m + 1. Let h(t) = 4*t**3 - 2*t - 2*t**m - 2 + 0*t**3 - 3*t**3 - 6*t**2. Give h(-6).
10
Let i be 18/117 - (-76)/13. Let x(a) = a - 9. Let f(s) = 2*s - 10. Let g(u) = i*f(u) - 7*x(u). Determine g(-3).
-12
Let x(d) = -3*d**3 - 2*d**2 - 2*d + 1. Let i be x(-1). Let t(z) be the third derivative of -z**4/24 + 3*z**3/2 + z**2. Calculate t(i).
5
Suppose -4*m - 4*b - 13 = 11, 3*b + 30 = -5*m. Let k(z) = z**2 + 5*z + 1. Calculate k(m).
7
Suppose 9 = 18*x - 81. Let l(k) = -5*k + 5. What is l(x)?
-20
Let h(n) = -5*n**3 - 3*n**2 + 6*n + 1. Let s(v) = v**3 + v**2 + 0*v**2 - 18 + 18 - v. Let p(i) = h(i) + 4*s(i). Calculate p(2).
1
Let z(u) = u - 4*u + 4 + u**2 + 4*u + 5*u. Determine z(-4).
-4
Let l(t) = -1 + 57*t**2 - 8*t + 3*t**3 - 52*t**2 - 2*t**3. What is l(-6)?
11
Suppose 3*v = -2*h - 2*v + 19, -v - 7 = -5*h. Let m(l) = 2*l**2 + 3 + 0 + 2*l**2 - 5*l**h - 4*l. Give m(-3).
6
Let d(j) = -j**3 + j**3 + 3 + j**3 - 3*j - 3*j**2. Calculate d(4).
7
Let u(r) = 8*r + 1. Let d(w) = 15*w + 2. Let b(a) = -4*d(a) + 9*u(a). Let x(j) = 13*j + 1. Let t(f) = 7*b(f) - 6*x(f). Let p = 3 - 4. What is t(p)?
-5
Suppose 2*z - 7 = 3*m, -m - m = 2*z - 2. Let p(y) = y - 3 - 3*y + z + 0 + 3*y**2. Suppose 4*o = -0*o + 8. Calculate p(o).
7
Suppose 6*f - 6 = 3*f. Let h(n) be the third derivative of -n**6/120 + n**5/30 - n**4/6 + n**3/2 - 3*n**2. Calculate h(f).
-5
Let c(z) = 7*z + 1. Let m(i) = -8*i. Let r(h) = 4*c(h) + 3*m(h). Give r(4).
20
Suppose -4*t + 8*t - 20 = 0. Let c(y) = y**2 - 5*y + 2. What is c(t)?
2
Let j(w) = w**3 + 7*w**2 - 6. Suppose -12*r - 62 - 22 = 0. Calculate j(r).
-6
Let x = 6 + -2. Let t(v) = -v**2 + 0*v - v**3 - 2 + 5*v**2 + 2*v - v. Calculate t(x).
2
Let t(d) = d**3 + 5*d**2 + 7. Suppose -p - 14 - 6 = -3*x, 4*p = -3*x - 5. Give t(p).
7
Let n(j) = -2*j - 1. Let u be 39/(-2) - (-2)/(-4). Let k be 44/(-10) + (-8)/u. Let i(t) = -3*t - 1. Let o(l) = k*n(l) + 3*i(l). Give o(-3).
4
Let u(s) = -2*s**2 - 5*s - 4. Let t(q) = -q**2 - q - 1. Let v(c) = -4*t(c) + u(c). Let h 